 13, what is 138 + b?
146
In base 7, what is 5 + 44?
52
In base 3, what is 201212201 + -1?
201212200
In base 14, what is -1 - 25?
-26
In base 6, what is 20 - -44?
104
In base 3, what is 1100 - 100?
1000
In base 2, what is 1010100110 + -1001?
1010011101
In base 4, what is 103220 - 2?
103212
In base 8, what is 650 + -3?
645
In base 13, what is 2 + -415?
-413
In base 4, what is 121021 - -11?
121032
In base 7, what is -2 - 253?
-255
In base 6, what is 1 - 225?
-224
In base 10, what is 30 - -1?
31
In base 9, what is 12 - -11?
23
In base 4, what is 31 - -20?
111
In base 8, what is 5 + 302?
307
In base 5, what is 21111 + -1?
21110
In base 16, what is 0 - 67?
-67
In base 16, what is -5 - -45?
40
In base 10, what is 2 + 1065?
1067
In base 5, what is 0 - 2?
-2
In base 8, what is -31 + 7?
-22
In base 13, what is -71 + 11?
-60
In base 10, what is -4 - 5?
-9
In base 10, what is -24 - 1149?
-1173
In base 3, what is 1002021 - -21?
1002112
In base 10, what is 521 - 20?
501
In base 11, what is 2754 - 1?
2753
In base 9, what is -6 - 24?
-31
In base 6, what is -34242 + -5?
-34251
In base 3, what is -12 + 1121?
1102
In base 13, what is -5 + -23a?
-242
In base 5, what is -321 + 33?
-233
In base 11, what is -15 - 2?
-17
In base 14, what is 3990 - 5?
3989
In base 9, what is -4 + 4180?
4175
In base 14, what is -1072 + -1?
-1073
In base 3, what is -12 + 2101222?
2101210
In base 11, what is 629 + 4?
632
In base 15, what is 0 + 7b?
7b
In base 13, what is 14 + 10?
24
In base 16, what is -6 - 58?
-5e
In base 3, what is 200202 - -2?
200211
In base 9, what is 107 + 1?
108
In base 2, what is -11 - 11000100?
-11000111
In base 4, what is -2231 - -12?
-2213
In base 9, what is 7 - -6?
14
In base 6, what is 1010 + 1?
1011
In base 10, what is -50 - -11?
-39
In base 7, what is 0 - -10423?
10423
In base 16, what is -2f + 5?
-2a
In base 2, what is -10010 - -1001110011?
1001100001
In base 3, what is 10 + -111?
-101
In base 13, what is -95a - 0?
-95a
In base 12, what is -7 - 185?
-190
In base 3, what is 20 + 100?
120
In base 8, what is -7356 - -1?
-7355
In base 5, what is 21 - 21?
0
In base 12, what is 9 + -28?
-1b
In base 10, what is 0 - 50?
-50
In base 7, what is -11 - -35?
24
In base 5, what is -1 + -34?
-40
In base 13, what is 12a - -4?
131
In base 13, what is 5 - 3c?
-37
In base 9, what is 0 - 40?
-40
In base 9, what is -3 + -4322?
-4325
In base 4, what is -11 - 103?
-120
In base 4, what is -130 + 22020?
21230
In base 16, what is -162 - -3?
-15f
In base 10, what is -269 + -9?
-278
In base 4, what is -1232 - 100?
-1332
In base 7, what is -10305 - -1?
-10304
In base 11, what is 2 - -34a?
351
In base 9, what is 151 - -4?
155
In base 15, what is -c - 448?
-455
In base 3, what is 1211021 + 2?
1211100
In base 2, what is -10101111001 - -1?
-10101111000
In base 14, what is 0 + -29?
-29
In base 16, what is -3 + -36?
-39
In base 6, what is 4 + -2154?
-2150
In base 11, what is 101 + 24?
125
In base 2, what is 100110 + -10?
100100
In base 7, what is 4255 + -2?
4253
In base 11, what is -10 - 2a?
-3a
In base 8, what is -7 - -136?
127
In base 3, what is 12 + 2011?
2100
In base 6, what is 334 - -105?
443
In base 5, what is 1042 - 3?
1034
In base 8, what is -112276 - -2?
-112274
In base 10, what is 24 - 107?
-83
In base 4, what is 2322 + -11?
2311
In base 5, what is 21 - -1103?
1124
In base 6, what is 150 - 21?
125
In base 13, what is 13 + 5b?
71
In base 5, what is -3 - -130?
122
In base 10, what is 7 + -36?
-29
In base 13, what is 602 - 4?
5cb
In base 14, what is 23 - 102?
-bd
In base 15, what is e04 - 2?
e02
In base 3, what is -2 - 2212?
-2221
In base 7, what is -1351 + -2?
-1353
In base 13, what is -72 - -5?
-6a
In base 10, what is 1 + 146?
147
In base 6, what is 1043 - -3?
1050
In base 13, what is 28 + -a?
1b
In base 6, what is -112544 + 2?
-112542
In base 13, what is 51a - -1a?
537
In base 15, what is -5 - -1c?
17
In base 14, what is 142a - -5?
1431
In base 5, what is 0 + -1221?
-1221
In base 5, what is -31 - 123?
-204
In base 11, what is 1 + -2a7?
-2a6
In base 2, what is -10011111 + 1?
-10011110
In base 5, what is -1 + -111201?
-111202
In base 13, what is 9 + -10?
-4
In base 16, what is -9 - 15?
-1e
In base 5, what is 414442 + 1?
414443
In base 16, what is -2 - 16a?
-16c
In base 8, what is 6 - 11?
-3
In base 3, what is -12021 + -11?
-12102
In base 9, what is 33 - -332?
365
In base 7, what is 15322 - -2?
15324
In base 10, what is -172 + -70?
-242
In base 14, what is 3 + 6?
9
In base 7, what is 3 - -610?
613
In base 10, what is 0 + 3001?
3001
In base 8, what is -1047 + -5?
-1054
In base 14, what is -203 + -9?
-20c
In base 6, what is 1 - 34?
-33
In base 8, what is -4 - -16?
12
In base 10, what is -3 - 11?
-14
In base 13, what is 2 + 3c?
41
In base 13, what is -2 + -3b?
-40
In base 16, what is -5e9 - c?
-5f5
In base 6, what is 0 + -131?
-131
In base 6, what is 2 + 44?
50
In base 2, what is -1001001 + -10?
-1001011
In base 6, what is 300352 + 2?
300354
In base 14, what is 9 + -1811?
-1806
In base 14, what is -c + -18?
-26
In base 9, what is -85 + -3?
-88
In base 9, what is 2302 + -3?
2288
In base 15, what is -16 + 12?
-4
In base 7, what is -1 - -2612?
2611
In base 7, what is 10 - 121?
-111
In base 13, what is 177 + 2?
179
In base 14, what is -a + -4?
-10
In base 10, what is -147 - 7?
-154
In base 13, what is 408 + 2?
40a
In base 15, what is 21 - 36?
-15
In base 16, what is -3e9 + 0?
-3e9
In base 12, what is -5 + a6?
a1
In base 13, what is -7 - -20?
16
In base 15, what is 0 - 127?
-127
In base 6, what is -1 + -1300?
-1301
In base 11, what is 12 + 3?
15
In base 7, what is -4004 + -5?
-4012
In base 11, what is -5 - -647?
642
In base 2, what is -10000010110 - 11100?
-10000110010
In base 8, what is -5 - -4512?
4505
In base 12, what is -161 + -1?
-162
In base 14, what is -2b5a + -1?
-2b5b
In base 10, what is 1 - -356?
357
In base 12, what is 6 - 7?
-1
In base 11, what is -196 - 40?
-226
In base 10, what is -11 - -8?
-3
In base 15, what is 4c + 3?
50
In base 16, what is 0 - -7ff?
7ff
In base 2, what is -1000110 - 111?
-1001101
In base 11, what is 0 - 84?
-84
In base 15, what is 5 + dc9?
dce
In base 9, what is -240 + -5?
-245
In base 13, what is 6c16 + 2?
6c18
In base 2, what is 110 - 110000?
-101010
In base 3, what is 1 - 20210?
-20202
In base 16, what is 2c + -e?
1e
In base 9, what is 31870 + -1?
31868
In base 2, what is -1 + 1011110?
1011101
In base 6, what is 3 - -202?
205
In base 9, what is 4 + -204?
-200
In base 14, what is 3 - -28c?
291
In base 8, what is -12 - 5?
-17
In base 13, what is -4 + -1?
-5
In base 6, what is -5 - -103?
54
In base 7, what is 4 - -51?
55
In base 13, what is -64 + 32?
-32
In base 5, what is 4231 + 101?
4332
In base 15, what is -a + b?
1
In base 2, what is -10101111001 + 101?
-10101110100
In base 2, what is -11001001 - 0?
-11001001
In base 10, what is 8 - 1197?
-1189
In base 10, what is -3585 - 2?
-3587
In base 15, what is 93 + -1?
92
In base 3, what is 2 - -1011010?
1011012
In base 10, what is 1 - -361?
362
In base 6, what is 4 + 1033?
1041
In base 10, what is -11 - -143?
132
In base 8, what is -20 - 24?
-44
In base 2, what is 101 - -110?
1011
In base 8, what is -243 - 4?
-247
In base 10, what is 6 - -1?
7
In base 12, what is 1 + 1755?
1756
In base 6, what is -2112 + -1?
-2113
In base 7, what is -326331 + 2?
-326326
In base 2, what is -101 + 11110100110?
11110100001
In base 4, what is -2 + -21301?
-21303
In base 14, what is 3b4 + -1?
3b3
In base 14, what is -a + -10?
-1a
In base 12, what is -40 + 42?
2
In base 4, what is -3 + -203130?
-203133
In base 14, what is 25b + 5?
262
In base 10, what is -1 + -82?
-83
In base 9, what is -3 - 835?
-838
In base 6, what is 1 - 111?
-110
In base 6, what is -22353 + 3?
-22350
In base 2, what is 1001100 + -1010?
1000010
In base 12, what is 1 - -41?
42
In base 4, what is 0 + -3030?
-3030
In base 8, what is 5 - 105?
-100
In base 14, what is -11 - -19?
8
In base 5, what is 2044 + 41?
2140
In base 10, what is -1 - 4?
-5
In base 6, what is -4 - -1204?
1200
In base 5, what is -2304 - 10?
-2314
In base 16, what is -5 + -375?
-37a
In base 10, what is 19 - -43?
62
In base 10, what is 2 - -17?
19
In base 3, what is 12202111 + -2?
12202102
In base 8, what is 27 - -5?
34
In base 9, what is 256 - 0?
256
In base 4, what is 3 - -323100?
323103
In ba